{"version":"1.0","provider_name":"World Justice Project (M\u00e9xico)","provider_url":"https:\/\/worldjusticeproject.mx\/en","author_name":"World Justice Project (M\u00e9xico)","author_url":"https:\/\/worldjusticeproject.mx\/en\/author\/newemage\/","title":"No habr\u00e1 paz sin la polic\u00eda - World Justice Project (M\u00e9xico)","type":"rich","width":600,"height":338,"html":"<blockquote class=\"wp-embedded-content\" data-secret=\"y9KNEmrRNh\"><a href=\"https:\/\/worldjusticeproject.mx\/en\/no-habra-paz-sin-la-policia\/\">No habr\u00e1 paz sin la polic\u00eda<\/a><\/blockquote><iframe sandbox=\"allow-scripts\" security=\"restricted\" src=\"https:\/\/worldjusticeproject.mx\/en\/no-habra-paz-sin-la-policia\/embed\/#?secret=y9KNEmrRNh\" width=\"600\" height=\"338\" title=\"&#8220;No habr\u00e1 paz sin la polic\u00eda&#8221; &#8212; World Justice Project (M\u00e9xico)\" data-secret=\"y9KNEmrRNh\" frameborder=\"0\" marginwidth=\"0\" marginheight=\"0\" scrolling=\"no\" class=\"wp-embedded-content\"><\/iframe><script>\n\/*! This file is auto-generated *\/\n!function(d,l){\"use strict\";l.querySelector&&d.addEventListener&&\"undefined\"!=typeof URL&&(d.wp=d.wp||{},d.wp.receiveEmbedMessage||(d.wp.receiveEmbedMessage=function(e){var t=e.data;if((t||t.secret||t.message||t.value)&&!\/[^a-zA-Z0-9]\/.test(t.secret)){for(var s,r,n,a=l.querySelectorAll('iframe[data-secret=\"'+t.secret+'\"]'),o=l.querySelectorAll('blockquote[data-secret=\"'+t.secret+'\"]'),c=new RegExp(\"^https?:$\",\"i\"),i=0;i<o.length;i++)o[i].style.display=\"none\";for(i=0;i<a.length;i++)s=a[i],e.source===s.contentWindow&&(s.removeAttribute(\"style\"),\"height\"===t.message?(1e3<(r=parseInt(t.value,10))?r=1e3:~~r<200&&(r=200),s.height=r):\"link\"===t.message&&(r=new URL(s.getAttribute(\"src\")),n=new URL(t.value),c.test(n.protocol))&&n.host===r.host&&l.activeElement===s&&(d.top.location.href=t.value))}},d.addEventListener(\"message\",d.wp.receiveEmbedMessage,!1),l.addEventListener(\"DOMContentLoaded\",function(){for(var e,t,s=l.querySelectorAll(\"iframe.wp-embedded-content\"),r=0;r<s.length;r++)(t=(e=s[r]).getAttribute(\"data-secret\"))||(t=Math.random().toString(36).substring(2,12),e.src+=\"#?secret=\"+t,e.setAttribute(\"data-secret\",t)),e.contentWindow.postMessage({message:\"ready\",secret:t},\"*\")},!1)))}(window,document);\n\/\/# sourceURL=https:\/\/worldjusticeproject.mx\/wp-includes\/js\/wp-embed.min.js\n<\/script>","thumbnail_url":"https:\/\/worldjusticeproject.mx\/wp-content\/uploads\/2020\/05\/JAD_web2.jpg","thumbnail_width":1140,"thumbnail_height":360,"description":"Por:&nbsp;Marien Rivera&nbsp;y&nbsp;Lilian Chapa Koloffon Cuentan que estos d\u00edas la instrucci\u00f3n es no hacer cambio alguno, no tocar la Constituci\u00f3n salvo para los temas en la agenda del Presidente. Dejar las leyes como est\u00e1n. Esa postura ha encontrado eco en algunos sectores de la academia y la sociedad civil; respecto a nuestro sistema de seguridad y [&hellip;]"}

World Justice Project (México)

No habrá paz sin la policía - World Justice Project (México)

<blockquote class="wp-embedded-content" data-secret="y9KNEmrRNh"><a href="https://worldjusticeproject.mx/en/no-habra-paz-sin-la-policia/">No habrá paz sin la policía</a></blockquote><iframe sandbox="allow-scripts" security="restricted" src="https://worldjusticeproject.mx/en/no-habra-paz-sin-la-policia/embed/#?secret=y9KNEmrRNh" width="600" height="338" title="&#8220;No habrá paz sin la policía&#8221; &#8212; World Justice Project (México)" data-secret="y9KNEmrRNh" frameborder="0" marginwidth="0" marginheight="0" scrolling="no" class="wp-embedded-content"></iframe><script>
/*! This file is auto-generated */
!function(d,l){"use strict";l.querySelector&&d.addEventListener&&"undefined"!=typeof URL&&(d.wp=d.wp||{},d.wp.receiveEmbedMessage||(d.wp.receiveEmbedMessage=function(e){var t=e.data;if((t||t.secret||t.message||t.value)&&!/[^a-zA-Z0-9]/.test(t.secret)){for(var s,r,n,a=l.querySelectorAll('iframe[data-secret="'+t.secret+'"]'),o=l.querySelectorAll('blockquote[data-secret="'+t.secret+'"]'),c=new RegExp("^https?:$","i"),i=0;i<o.length;i++)o[i].style.display="none";for(i=0;i<a.length;i++)s=a[i],e.source===s.contentWindow&&(s.removeAttribute("style"),"height"===t.message?(1e3<(r=parseInt(t.value,10))?r=1e3:~~r<200&&(r=200),s.height=r):"link"===t.message&&(r=new URL(s.getAttribute("src")),n=new URL(t.value),c.test(n.protocol))&&n.host===r.host&&l.activeElement===s&&(d.top.location.href=t.value))}},d.addEventListener("message",d.wp.receiveEmbedMessage,!1),l.addEventListener("DOMContentLoaded",function(){for(var e,t,s=l.querySelectorAll("iframe.wp-embedded-content"),r=0;r<s.length;r++)(t=(e=s[r]).getAttribute("data-secret"))||(t=Math.random().toString(36).substring(2,12),e.src+="#?secret="+t,e.setAttribute("data-secret",t)),e.contentWindow.postMessage({message:"ready",secret:t},"*")},!1)))}(window,document);
//# sourceURL=https://worldjusticeproject.mx/wp-includes/js/wp-embed.min.js
</script>

Por:&nbsp;Marien Rivera&nbsp;y&nbsp;Lilian Chapa Koloffon Cuentan que estos días la instrucción es no hacer cambio alguno, no tocar la Constitución salvo para los temas en la agenda del Presidente. Dejar las leyes como están. Esa postura ha encontrado eco en algunos sectores de la academia y la sociedad civil; respecto a nuestro sistema de seguridad y [&hellip;]
